*i**2 - 58*i + 24. Let u be w(10). Suppose -u = -2*c + y + 303, -3*c = -3*y - 1278. What is the units digit of c?
1
What is the units digit of (-10648)/(-2) - 1534/118?
1
Suppose 1380 - 508 = 8*x. Suppose -111*h + 598 = -x*h. What is the tens digit of h?
9
Let w(z) = z**2 + z - 1. Let q be w(-4). Let f = -217 - -173. What is the tens digit of f/q - 50*-2?
9
Let g be 9/(-15) + (-588)/(-5). Let y = g - 104. Suppose 1349 = y*m - 965. What is the hundreds digit of m?
1
Suppose 5370 = 3*m + f, -8*f + 7179 = 4*m - 13*f. Let c = m + -1046. What is the units digit of c?
5
Let p(n) = -25*n - 195. Let o be p(-8). Suppose o*d - 609 = -3*l, 5*d + 537 + 275 = 4*l. What is the tens digit of l?
0
Let l = -18044 + 79990. What is the ten thousands digit of l?
6
Let w be (-30)/8*(-379 + 7). Suppose -3*v + w + 942 = 4*n, 5*n - 2*v = 2904. What is the hundreds digit of n?
5
What is the thousands digit of 53378/(-52)*(-8)/(2 - -2)?
2
Let u = -81 + 86. Suppose 0 = -3*s - 2*k - 13 - 9, -2*s - u*k = 11. What is the units digit of (-4 - s) + 29 + 4?
7
Let z be 76/19 - (11 + 2 + -1). Let o(p) = 2*p + 16. Let r be o(z). Suppose r = k + 3*q - 9 - 5, 49 = 2*k - q. What is the units digit of k?
3
Let i be (-70)/28 + 2/(-4). Let g be 4/(-1) + 6 - i. Suppose 0 = -0*x - 4*x + g*q + 1039, 2*q = 3*x - 781. What is the hundreds digit of x?
2
What is the tens digit of ((-22)/44)/(-2 - 627/(-314))?
5
Let t = 19269 - 5610. What is the ten thousands digit of t?
1
Suppose 0 = 14*u - 12*u + 8. Let p be 4/(-24) + u/(-24). Suppose 0*i - 5*i + 2*b + 158 = p, i - 36 = -4*b. What is the tens digit of i?
3
Let x(r) = 68*r**3 - 11*r**2 - 9*r + 142. What is the tens digit of x(7)?
6
Let j(r) = r - 15. Let t be j(13). Let c be t - ((-95)/20 + (-1)/4). Suppose -4*z - 5*i = -23, -2*z = -c*i + 7*i - 4. What is the tens digit of z?
1
Let p(r) = r**3 - 8*r**2 + 17*r + 6. Let v be 6 + 3 + 2/2. What is the units digit of p(v)?
6
Let x(c) = c**2 - 7*c - 4. Let n be x(8). Let o be (n + 0)/(-4)*-5. Suppose 3*m - o*p = 346, 3*m = -p + 168 + 148. What is the units digit of m?
7
Let j(r) = -12*r**3 - 47*r**2 - 61*r + 19. What is the thousands digit of j(-11)?
0
Let j(c) = -52*c**3 - 5*c**2 + 93*c + 591. What is the ten thousands digit of j(-9)?
3
Let h be (-2)/15*3 - 1806/(-15). Suppose 2*u - 265 = b, b - h = -u + 4*b. What is the units digit of u?
5
Suppose -4*i + 5*i - 5 = 0. Suppose i*d - 4*k = -65, -4*d + d + k = 32. Let j = d + 25. What is the tens digit of j?
1
Suppose 5*f = -2*z - 15, -5*z + 2*f + 2*f = -45. Suppose -4*v - v - 277 = 3*l, -86 = 2*v - z*l. Let q = v - -91. What is the units digit of q?
8
Suppose 110 = -3*k + 122. Suppose -4*h + 2248 = k*h. What is the units digit of h?
1
Suppose -5*c + 165 = -f, c - 5*f + 2*f = 47. Suppose -c*a + 21 = -33*a. What is the units digit of (-2 - 42)*(a/4 - 0)?
1
Suppose -48*m = 435*m - 3918579. What is the hundreds digit of m?
1
Let v be 0 - -2 - 2585/5. Let y = -196 - v. Suppose -y + 87 = -8*p. What is the tens digit of p?
2
Let g(d) = 142*d - 3. Let f be g(3). Let q = f - -7. What is the hundreds digit of q?
4
Suppose 4*i + q = 45690, i - 4*q = -3845 + 15293. What is the units digit of i?
4
Let r(c) be the first derivative of -17*c**2/2 - 26*c - 18. Let a be r(9). Let p = 26 - a. What is the hundreds digit of p?
2
Let v be 33 - (-11 + 3 + 8). Suppose 0 = -d - 2*n - 26, 3*d = 2*n - 23 - 15. Let u = v - d. What is the units digit of u?
9
Let b(r) = 2*r**3 - 43*r**2 + 18*r + 66. Let c be b(21). Suppose 3*u = c*g - u - 3734, -1251 = -g - 5*u. What is the thousands digit of g?
1
Let f = -43 - -157. Let b be 176/(-33)*f/(-8). Suppose 4*j - 344 = -b. What is the tens digit of j?
6
Suppose -2*l = -5*t + 345, t - 9*l - 46 = -4*l. Suppose -93 = -2*h + t. What is the tens digit of h?
8
Let y = 5988 + -13138. What is the tens digit of y/150*(2 + -1 - 4)?
4
Suppose -6*z = -4*h - 11*z + 4344, 0 = 3*h - 4*z - 3258. What is the thousands digit of h?
1
Let d = 159 + -408. What is the units digit of ((-1152)/40)/(d/120 + 2)?
4
Suppose -27*u + 0*u + 53453 = -48067. What is the units digit of u?
0
Suppose 4*b - 1488 = 480. Suppose -r = -5*r - b. Let d = -68 - r. What is the tens digit of d?
5
Let j be (-5 - -4)*1*-8. Let x = j - 61. Let d = x + 215. What is the hundreds digit of d?
1
Suppose -77*n + 9411386 = 120*n + 3022873. What is the hundreds digit of n?
4
Let r = 8648 - 4470. What is the hundreds digit of r?
1
What is the hundreds digit of 6047 - ((60/8)/(-3))/((-120)/288)?
0
Suppose -7*c + 4168 + 60890 = 0. What is the hundreds digit of c?
2
Let p(t) = -t**3 + 6*t**2 - t + 14. Let a be p(6). Suppose -33 = -a*n + 23. What is the hundreds digit of (-2 + ((-98)/(-4))/n)*80?
1
Let o be 1815/30 - (-2)/4. Let j be 4/(-6) - (-153)/27. Suppose -o = -2*x + j*n, -135 = -5*x + x - 3*n. What is the tens digit of x?
3
Suppose 0 = 6*f - 10 - 44. Suppose 0 = 3*r - f + 3. Suppose -2*k + 49 = 3*d, -1 = d + 3*k + r*k. What is the tens digit of d?
1
Let l = 9820 - 2492. What is the tens digit of l?
2
Let m = -39 + 49. Suppose 8*r - m*r = -14. Suppose -r*a - 46 = -1922. What is the hundreds digit of a?
2
Let h = -3 + 1. Let b(n) = -n**2 - 19*n - 5. Let f(l) = 2*l**2 + 20*l + 4. Let r(s) = h*f(s) - 3*b(s). What is the tens digit of r(13)?
5
Let q be ((-1)/2 - 1)*(-8)/6. Let s be ((-7)/2 - -3)/(1/q). Let j(h) = -92*h**3 + 3*h**2 + 2*h + 1. What is the tens digit of j(s)?
9
Let t be (8/28)/(-1) + 102/14. What is the tens digit of (-691)/(-7) + 2/t?
9
Let z = -15492 - -22638. What is the tens digit of z?
4
Suppose 0 = -3*y + n - 124, 0*y + 5*y = -3*n - 202. Let p = y + 43. Suppose p*i = 187 - 47. What is the tens digit of i?
7
Suppose -4*u + 9 = -11. Suppose -3*f + 4*j = f - 1572, u*f = -j + 1935. Suppose 6*d + 16 = f. What is the units digit of d?
2
Suppose 145*v - 150*v = 10. What is the units digit of ((-14)/(-42))/(v/(-1698))?
3
Suppose 37*j - 49293 + 2501 - 112419 = 0. What is the hundreds digit of j?
3
Suppose 3*o - 2*w = -0 - 3, 0 = 3*o - w + 6. Let z(g) = -5*g - 4. Let x be z(o). Suppose 317 = 4*d - x. What is the tens digit of d?
8
Let v be 1*-3*15/(-9). Suppose 0 = 21*d - 5520 - 4644. Suppose -v*z - 4*t + d = 0, -4*z + 12 + 367 = -5*t. What is the units digit of z?
6
Let d = 13353 - 3242. What is the units digit of d?
1
Let n = -161 + 164. Suppose -i = -2*g - 222, i + g - 192 = -n*g. What is the hundreds digit of i?
2
Let l(i) = i**3 + 4*i**2 - 3*i - 9. Let p be l(-4). Suppose -p*c = 3 - 12. Suppose c*a - 5*u + 4*u = 727, 4*a = -5*u + 1001. What is the hundreds digit of a?
2
Suppose 293*o = -83*o + 12076516 + 4202028. What is the thousands digit of o?
3
Suppose -1052*f - p = -1054*f + 54215, 2*f - 3*p = 54221. What is the units digit of f?
6
What is the thousands digit of (-18 + -12406)*(-15)/20?
9
Let p(m) be the first derivative of -m**3/3 - 41*m**2/2 - 68*m - 30. What is the tens digit of p(-32)?
2
Suppose -620*a + 18471077 = -26374763. What is the thousands digit of a?
2
Suppose -3*j + 3 = 2*q - 9, 2*j + 5 = 3*q. Let y be 5 + -2 - (-1 + j). Suppose -y*m - 94 = -306. What is the hundreds digit of m?
1
Let r(u) be the second derivative of 2*u**3/3 + 65*u**2 + 52*u + 2. What is the tens digit of r(-21)?
4
Let p(h) = -h + 2. Let o be p(-1). Suppose 6 = -o*j, -l - j + 8 = 4*l. Let q = 9 - l. What is the units digit of q?
7
What is the tens digit of ((-4471)/68)/((-615)/(-308) - 4/2)?
5
Let g(k) = -k**3 + 10*k**2 + 5*k - 13. Let b be g(9). Suppose 4*w + 9 = 5*m - 100, 0 = 5*m - 3*w - b. Let d = 26 + m. What is the units digit of d?
1
Let x(w) = -w**3 + 5*w**2 - 7*w + 6. Let m be x(4). Let g be (-40)/m*(-66)/(-8). What is the tens digit of 279/15 - 33/g?
1
Let y be (-1267)/(-5) - 6/15. Suppose 57*o = 65*o. Suppose 4*s - y - 155 = o. What is the tens digit of s?
0
Let s(w) = 4*w**3 - 10*w**2 + 35*w - 51. What is the units digit of s(8)?
7
Suppose -177977 = -51*j - 7280. What is the hundreds digit of j?
3
Let u(d) = d**2 + 23*d + 46. Let s be u(-21). Suppose s*b + 1 = 537. Suppose 2*k - 4*o = b, 143 - 9 = 2*k - o. What is the tens digit of k?
6
Let l(i) = -2*i**2 - 4*i - 1. Let w be l(-2). Let j be w - 6 - -7 - (-1 - -1). Suppose -r + 6*r - 850 = j. What is the hundreds digit of r?
1
Suppose 10*k - 14 - 6 = 0. Suppose -k*a + 3804 = 10*a. What is the units digit of a?
7
Let r(j) = 4